 72 + (-86 - (-23 + -131))?
140
-39 + 74 + (15 + -24 - (-2 - -2))
26
Calculate -121 + 13 + (-29 + 18 - (18 + -11 + 1)).
-127
Evaluate 647 + -633 + -5 + (-1 - 44).
-36
Evaluate -33 + -13 + -15 + -6 + -6 + 5 + 13.
-55
Evaluate (5 - -31) + (-50 - -17 - -21) + (7 - 1).
30
What is the value of (14 - 7) + -18 + (-38 - -54) + 2 + -16?
-9
Calculate (-116 - -100) + 1 + 42.
27
Evaluate -32 + -1 + 37 + -23 + 30.
11
What is 6 + (45 - (-24 - (7 + -47)))?
35
183 + (-116 - 36) - (2 + -1 + 1) - 3
26
Evaluate 68 - ((-26 - -9) + 79).
6
What is the value of 424 + -406 + -7 + -25?
-14
(-11 - (-23 + (-21 - -23))) + 0 + 10
20
What is (54 - (-19 + 21) - 8) + 4?
48
What is -6 - -2 - (-20 + 7 + -4 + (9 - -2))?
2
(-22 - -5) + (11 - (-3 - -2)) - 6
-11
Evaluate (202 - 126 - (-2 + -2 + 3)) + (5 - 9).
73
What is -94 + 12 + 8 + -2 + -35 + 31?
-80
What is 134 + 66 + -4 + -127?
69
Calculate (53 - (-12 + 57)) + -35.
-27
What is the value of (1032 - 985) + -4 + 6?
49
What is -1 + -63 + 0 + (42 + -32 - (8 - -5))?
-67
-269 + (-10 + -128 - -255)
-152
Calculate -5 + 13 - 3 - (-4 + -6 + 30 + -13).
-2
What is -5 + ((-25 - -11) + 6 + (-1 - -3) - -37)?
26
Evaluate 51 + -4 - (693 - 654).
8
Evaluate 18 - (-77 - -64) - -22.
53
What is the value of -66 + (-54 + 72 - -5)?
-43
What is the value of (-17 - 9) + (-26 - (5 - 9))?
-48
Evaluate -2559 + 2558 - (27 - -1 - (-3 + 3)).
-29
What is the value of 18 - (-16 + (118 - (11 + 20 + -22)))?
-75
What is (-12 - 18 - -12) + (24 - -32) + -4?
34
Evaluate 2 - (-5 + 33) - (2 + 14 - 25).
-17
What is the value of 1 + 17 + (3 - (28 - -17))?
-24
What is the value of -95 - (-13 + -40 + -6)?
-36
(-10 - 1 - 1) + ((-34 - 12) + 16 - 42)
-84
What is the value of (2 - -33) + (-26 - (25 - 28))?
12
Calculate 12 + (-27 - -38 - 25) + -2 + 30.
26
Evaluate 32 + 14 + -97 + 24.
-27
What is the value of -15 - (0 - 0) - (-33 + (-34 - (-23 + -33)))?
-4
Evaluate -199 + 182 + (8 - -75).
66
What is the value of (32 - 4 - -7) + 44 + -71 - (-128 - -1)?
135
Evaluate 30 - ((130 - -8) + -37).
-71
Evaluate 4 + 66 + (-14 - (-3 + 12) - -28).
75
What is -22 - (-30 - (4 - -91))?
103
What is the value of -84 + 51 + -5 - -94?
56
What is the value of 0 - -5 - (-7456 - -7390)?
71
What is the value of -7 + (-13 - -36) - 31 - (11 - 3)?
-23
Calculate (-44 - -6) + 25 - (-54 + (-2 - -2)).
41
Calculate ((-3 - -2) + -10 - (508 + -517)) + 2 + -3.
-3
Calculate -1 + -7 + 38 + 9 + (-28 - -29).
40
Evaluate 3 + -6 + -9 + (2 + -11 - -13) + 51.
43
-4 + 5 + (-6 - -6) + (0 - -8 - -16)
25
(-8 + 0 - (37 + -45 + -14)) + -10 + 2
6
What is (-14 - -22) + 6 + -23 - -36?
27
Calculate 40 + (-89 - (-2 + -13)).
-34
What is 49 + -18 - (59 + -19 + -18)?
9
What is 47 + (7 - (17 + -38)) + -13 + -20?
42
What is 29 + (-47 - ((-15 - 20) + 46))?
-29
-1605 - -1640 - (-2 + 1)
36
What is the value of 14 + -8 + (2 - 11 - (-31 + 23)) + 1?
6
What is the value of 59 + 1 + -1537 + 1441?
-36
Evaluate 5 + 2 + (0 - (-24 - (-3 - 4))).
24
Calculate 3 - (3 + -3 + (11 - (8 - 3))).
-3
What is -15 + -35 + -148 + 96?
-102
Calculate -1 - (-225 + 254 + 37 + -3).
-64
Evaluate 0 + 1 + 32 - (-28 + (50 - 11 - 20)).
42
Calculate (7 - 1 - 2 - -63) + -64 + 22 + 44.
69
2 + (13 - 1) + (-14 - -1) + -3
-2
Evaluate 12 - (54 - (11 + 40)).
9
Evaluate 44 + 44 + -37 + -49.
2
What is 7 + -9 - ((11 - 5) + 18 + (6 - -4))?
-36
Calculate -38 - (-3 + -16 + -3) - 12.
-28
What is -1 + 5 + (76 - 21) + (-462 - -481)?
78
-9 - (-11 + (0 + 2 - ((42 - 24) + -15)))
3
1 - 37 - (40 + -99)
23
Evaluate (0 - -4) + -1 + 16 + -4942 + 4900.
-23
What is the value of -60 + (-17 - -11) - (-7 + (-3 - -10) + -10)?
-56
What is the value of (-23 - (-1 + (-17 - 0) - -14)) + -2 + 13?
-8
Evaluate (17 - -13) + -1 + -1 + 1 - (-48 - -40).
37
-43 + -1 + (6 - 1) + (143 - 72) + -84
-52
Evaluate -60 + (181 - (-15 - -71)).
65
2 - 16 - ((-59 - -24) + 72 + -112)
61
(14 - (-22 - 8)) + (2 - (4 + -9 + 7))
44
Evaluate (16 - ((4 - -3) + 4)) + -6 + -79 + 7.
-73
Evaluate (-2 + -6 - 15 - (-4 - -4)) + 4.
-19
8 + -36 + 28 + 9 - -11
20
Calculate (29 - 24 - (2 - 8)) + -9 - (-3 - 5).
10
24 + 84 + 66 - 87
87
Evaluate -4286 + 4272 - ((3 - 2) + 14).
-29
Calculate ((-1 - -4) + -3 - (-12 + -11)) + 10 + 6.
39
What is 0 + 35 + (9 - 35) + (51 - 29)?
31
(-2 - 12 - (1 + (-8 - -4))) + (-2 - -96)
83
Calculate (-9 - (-11 - (-38 + 34))) + -24 + (2 - 3).
-27
25 + -25 + (21 + 18 - -24)
63
Evaluate -84 + (-43 - (-28 + -22)) + 20.
-57
Evaluate 27 + 35 + -15 + -66 - (84 - 1).
-102
Calculate -602 + 569 - (-18 - -1) - (-1 + -17).
2
(10 - 1) + -1 + (-23338 - -23322)
-8
-3 - 2 - (-48 + 17 - 4)
30
What is the value of -13 + 36 + 31 + -59 + 75?
70
Evaluate -19682 - -19695 - (2 + 35 + 2).
-26
Calculate 68 + (-97 - -33) + -2.
2
5 + (-24 - -3) + 5 + -39 + -11
-61
Calculate 133 + (-25 - -9 - -8) - (-16 + 10).
131
What is the value of 30 + (-38 - (-19 + 9))?
2
Evaluate 79 - ((29 + -48 - (-2 + 13)) + 14).
95
Calculate 8 - 12 - (15 + -33).
14
Calculate 34 - 7 - (-47 + 90).
-16
31 + 0 + 1 + (20 - 83 - -54)
23
What is the value of (5 - 1) + -17 + -3 - 45?
-61
What is the value of (-51 - (-2 + 2)) + 2 + 15 + -26 + 14?
-46
What is 189 + 67 + -206 + 55?
105
What is the value of -27 + 4 - (((12 - -8) + -17 - -4) + -11)?
-19
Calculate 181 - 288 - -89 - (-1 + 50).
-67
10 - 1 - (403 - 368) - 35
-61
(-28 - 4 - -13) + 6 + -61 + (-4 - -6)
-72
Evaluate -24 - -39 - 112 - -49.
-48
What is the value of -27 + (-5 - 6) + (-6 - -13) + 7?
-24
95 + -47 + (10 - 0 - 36)
22
What is (46 - (15 - 1)) + -32 - (18 + 3)?
-21
What is the value of (-8 - -8) + (-76 - -25)?
-51
What is (0 - (-27 - -4) - 27 - (8 - -1)) + -15?
-28
What is -5 - 0 - (-377 + 377 + (17 - 1) + -10)?
-11
Calculate 2 + (23 - 20) - (-2 + (-1 - -7) - 3).
4
What is the value of 84 - (-172 - -84 - -151)?
21
(-10 - (11 - 11 - 13)) + -12 - -44
35
Evaluate (-202 - -209) + (-4 - (45 + (2 - -1))).
-45
-68 + -58 + 102 + 73 + 2
51
What is the value of (-4 - (-46 - -17) - 14) + (6 - (53 - -6))?
-42
What is (-4 + 12 - 5) + 143 + -144?
2
Calculate -114 + 1 + -272 + 313.
-72
What is the value of -32 + 47 + -7 + (86 - -7) + -18?
83
Calculate -80 + -91 + 115 + 78.
22
Calculate 10 + -1 + ((-19 - -17) + -3 - 8) + -51.
-55
Calculate 13 - -120 - (395 + -296).
34
Calculate -26 + 37 + -47 + 23.
-13
What is the value of 3 - 4 - -89 - (1115 - 1089)?
62
Evaluate 8 + ((12 - (-1 + 0)) + -4 - 11).
6
What is -18 - (-82 + 27 + 50)?
-13
What is 73 + 54 + (-172 - -141)?
96
Calculate 65 + (-50 - -41) - -15.
71
What is the value of -10 + -128 + 195 + 3 + 0?
60
What is the value of (496 - 503) + 5 + -17?
-19
Calculate (15 - ((4 - (-11 - -4)) + 22)) + 120.
102
Evaluate (16 - (2 + -9)) + -336 + 324 - (-2 - -29).
-16
Calculate (-1 - -42) + 463 + (-455 - -55).
104
Evaluate (-13 - (-42 - 9)) + 5.
43
Calculate -34 + 37 + (7 - 44) + -1 + 16.
-19
Evaluate -351 - -333 - (84 + -6).
-96
12 + -70 + (8 - 8) + 1
-57
Evaluate 75 - -9 - (8 - (-10 - -21)).
87
Evaluate 36 - (-13 + (22 - -8) + 4).
15
313 - 286 - (8 - 0) - 77
-58
Evaluate 1 + -43 + (132 - 17) + 17.
90
What is the value of (165 - 70) + (1 - 69)?
27
Calculate (-3 - (1 + -10 - -16) - -14) + -1 + 0.
3
What is (0 - 31 - (-69 + 54)) + 12?
-4
What is 2 + -12 + 60 + -16 + -33 + -39?
-38
Calculate 34 - (-30 + -8 + 51).
21
What is -881 - -898 - ((4 - -61) + 3 - 0)?
-51
Calculate -6 - (24 + -60) - -21.
51
What is (23 - (-29 + 92)) + 30?
-10
What is the value of 10 + 1 + (-31 - (-64 + -3))?
47
What is the value of (125 - 137) + (-158 - 3) - -48?
-125
Calculate 2 + (66 - 26) + -7 - 20.
15
Evaluate 88 - ((-116 - -210) + -2).
-4
What is -35 + (0 - (15 + -3 + 3 + -9))?
-41
Calculate (61 - (62 + 81)) + 54.
-28
What is -4 - -26 - 8 - (8 + (-1 - -2))?
5
What is the value of (-68 + 51 - -5) + -31?
-43
What is the value of (-2 - 49) + (12 + -29 + -7 + 22 - 3)?
-56
Calculate -164 + (-45 - 60 - -222).
-47
63 + ((25 - 9) + -9 - (0 + 4))
66
-2 + 25 - (28 + -100 - -79)
16
Calculate (0 + 13 - (1044 + -1028)) + -47 + -5.
-55
11 - (22 + -2 - (56 - (39 + 12)))
-4
-48 - (35 - (18 - 24))
-89
Evaluate -8 + 13 + 2 + (5 - -12) - (-2 + -8).
34
What is -64 - ((-1 - 27) + 22 + (2 - -17))?
-77
What is the value of (21 - (-20 - -9 - -15)) + -29?
-12
What is (78 - -1) + (57 - 157) + 90?
69
Calculate -87 - (11 - 0 - 3 - (-31 + 38)).
-88
-144 - -90 - 95 - -24
-125
Evaluate 24 + -10 - (-80 - (11 + -6 + 3 + -6)).
96
Calculate (14 - 7